{"id":153,"date":"2017-12-30T18:04:58","date_gmt":"2017-12-30T18:04:58","guid":{"rendered":"http:\/\/numizmatika.beila.hu\/?post_type=product&#038;p=153"},"modified":"2024-10-08T13:44:35","modified_gmt":"2024-10-08T13:44:35","slug":"optima-classic-euros-gyurus-fedel","status":"publish","type":"product","link":"https:\/\/numizmatika.beila.hu\/?product=optima-classic-euros-gyurus-fedel","title":{"rendered":"Optima Classic eur\u00f3s gy\u0171r\u0171s fed\u00e9l"},"content":{"rendered":"<p>K\u00f6nyvk\u00f6t\u00e9szeti kidolgoz\u00e1s\u00fa gy\u0171r\u0171s fed\u00e9l.<br \/>\nNemes m\u0171b\u0151rk\u00f6t\u00e9s\u00e9t impoz\u00e1ns fed\u00e9l- \u00e9s gerincnyomat d\u00edsz\u00edti.<br \/>\nAz \u00e9rm\u00e9ket minden VISTA- vagy OPTIMA-\u00e9rmetart\u00f3 tokban t\u00e1rolhatja.<br \/>\nAz album \u00fcres, nincsenek benne tokok.<br \/>\nA gy\u0171r\u0171s fed\u00e9lbe ak\u00e1r 9 VISTA \u00e9rmetart\u00f3 lap vagy 15 Optima \u00e9rmetart\u00f3 tok is belef\u0171zhet\u0151.<br \/>\nK\u00fcls\u0151 m\u00e9ret: 245x270x55 mm.<\/p>\n","protected":false},"excerpt":{"rendered":"<p>OPTIMA lapokkal b\u0151v\u00edthet\u0151 \u00e9rmealbum.<\/p>\n","protected":false},"featured_media":139,"comment_status":"open","ping_status":"closed","template":"","meta":[],"product_cat":[42],"product_tag":[],"_links":{"self":[{"href":"https:\/\/numizmatika.beila.hu\/index.php?rest_route=\/wp\/v2\/product\/153"}],"collection":[{"href":"https:\/\/numizmatika.beila.hu\/index.php?rest_route=\/wp\/v2\/product"}],"about":[{"href":"https:\/\/numizmatika.beila.hu\/index.php?rest_route=\/wp\/v2\/types\/product"}],"replies":[{"embeddable":true,"href":"https:\/\/numizmatika.beila.hu\/index.php?rest_route=%2Fwp%2Fv2%2Fcomments&post=153"}],"wp:featuredmedia":[{"embeddable":true,"href":"https:\/\/numizmatika.beila.hu\/index.php?rest_route=\/wp\/v2\/media\/139"}],"wp:attachment":[{"href":"https:\/\/numizmatika.beila.hu\/index.php?rest_route=%2Fwp%2Fv2%2Fmedia&parent=153"}],"wp:term":[{"taxonomy":"product_cat","embeddable":true,"href":"https:\/\/numizmatika.beila.hu\/index.php?rest_route=%2Fwp%2Fv2%2Fproduct_cat&post=153"},{"taxonomy":"product_tag","embeddable":true,"href":"https:\/\/numizmatika.beila.hu\/index.php?rest_route=%2Fwp%2Fv2%2Fproduct_tag&post=153"}],"curies":[{"name":"wp","href":"https:\/\/api.w.org\/{rel}","templated":true}]}}