{"id":2359,"date":"2018-12-13T09:39:48","date_gmt":"2018-12-13T09:39:48","guid":{"rendered":"https:\/\/numizmatika.beila.hu\/?post_type=product&#038;p=2359"},"modified":"2024-10-08T13:46:37","modified_gmt":"2024-10-08T13:46:37","slug":"presso-2-euros-gyujtemeny-album","status":"publish","type":"product","link":"https:\/\/numizmatika.beila.hu\/?product=presso-2-euros-gyujtemeny-album","title":{"rendered":"PRESSO 2 eur\u00f3s-gy\u0171jtem\u00e9ny album"},"content":{"rendered":"<p>Gy\u0171jt\u0151album kiv\u00e1l\u00f3 min\u0151s\u00e9g\u0171, nyomtatott, stabil kartonb\u00f3l m\u00e9retre k\u00e9sz\u00fclt kiv\u00e1g\u00e1sokkal, 57 db, 2 eur\u00f3-\u00e9rm\u00e9k elhelyez\u00e9s\u00e9re.<\/p>\n<p>Az orsz\u00e1g matric\u00e1kkal, mely r\u00e9sze ennek a t\u00e9telnek, egyszer\u0171en rendszerezhet\u0151ek az \u00e9rm\u00e9k.<\/p>\n<p>K\u00fcls\u0151 m\u00e9ret: 255&#215;280 mm.<\/p>\n","protected":false},"excerpt":{"rendered":"<p>EURO \u00e9rme gy\u0171jt\u0151knek.<\/p>\n","protected":false},"featured_media":2362,"comment_status":"open","ping_status":"closed","template":"","meta":[],"product_cat":[45],"product_tag":[],"_links":{"self":[{"href":"https:\/\/numizmatika.beila.hu\/index.php?rest_route=\/wp\/v2\/product\/2359"}],"collection":[{"href":"https:\/\/numizmatika.beila.hu\/index.php?rest_route=\/wp\/v2\/product"}],"about":[{"href":"https:\/\/numizmatika.beila.hu\/index.php?rest_route=\/wp\/v2\/types\/product"}],"replies":[{"embeddable":true,"href":"https:\/\/numizmatika.beila.hu\/index.php?rest_route=%2Fwp%2Fv2%2Fcomments&post=2359"}],"wp:featuredmedia":[{"embeddable":true,"href":"https:\/\/numizmatika.beila.hu\/index.php?rest_route=\/wp\/v2\/media\/2362"}],"wp:attachment":[{"href":"https:\/\/numizmatika.beila.hu\/index.php?rest_route=%2Fwp%2Fv2%2Fmedia&parent=2359"}],"wp:term":[{"taxonomy":"product_cat","embeddable":true,"href":"https:\/\/numizmatika.beila.hu\/index.php?rest_route=%2Fwp%2Fv2%2Fproduct_cat&post=2359"},{"taxonomy":"product_tag","embeddable":true,"href":"https:\/\/numizmatika.beila.hu\/index.php?rest_route=%2Fwp%2Fv2%2Fproduct_tag&post=2359"}],"curies":[{"name":"wp","href":"https:\/\/api.w.org\/{rel}","templated":true}]}}