{"id":4515,"date":"2022-02-09T14:34:19","date_gmt":"2022-02-09T14:34:19","guid":{"rendered":"https:\/\/numizmatika.beila.hu\/?post_type=product&#038;p=4515"},"modified":"2023-10-12T11:57:15","modified_gmt":"2023-10-12T11:57:15","slug":"ekszeresz-nagyito-10x","status":"publish","type":"product","link":"https:\/\/numizmatika.beila.hu\/?product=ekszeresz-nagyito-10x","title":{"rendered":"\u00c9kszer\u00e9sz nagy\u00edt\u00f3 10x"},"content":{"rendered":"<p>Teljesen \u00faj, haszn\u00e1latlan.<\/p>\n<p>10x nagy\u00edt\u00e1s, LED \u00e9s UV l\u00e1mp\u00e1s.<\/p>\n<p>\u00dcveglencse (17 mm \u00e1tm\u00e9r\u0151).<\/p>\n<p>L\u00e1sd a k\u00e9pet!<\/p>\n","protected":false},"excerpt":{"rendered":"<p>Nagy\u00edt\u00f3. (LU32LED)<\/p>\n","protected":false},"featured_media":4502,"comment_status":"open","ping_status":"closed","template":"","meta":[],"product_cat":[57],"product_tag":[],"_links":{"self":[{"href":"https:\/\/numizmatika.beila.hu\/index.php?rest_route=\/wp\/v2\/product\/4515"}],"collection":[{"href":"https:\/\/numizmatika.beila.hu\/index.php?rest_route=\/wp\/v2\/product"}],"about":[{"href":"https:\/\/numizmatika.beila.hu\/index.php?rest_route=\/wp\/v2\/types\/product"}],"replies":[{"embeddable":true,"href":"https:\/\/numizmatika.beila.hu\/index.php?rest_route=%2Fwp%2Fv2%2Fcomments&post=4515"}],"wp:featuredmedia":[{"embeddable":true,"href":"https:\/\/numizmatika.beila.hu\/index.php?rest_route=\/wp\/v2\/media\/4502"}],"wp:attachment":[{"href":"https:\/\/numizmatika.beila.hu\/index.php?rest_route=%2Fwp%2Fv2%2Fmedia&parent=4515"}],"wp:term":[{"taxonomy":"product_cat","embeddable":true,"href":"https:\/\/numizmatika.beila.hu\/index.php?rest_route=%2Fwp%2Fv2%2Fproduct_cat&post=4515"},{"taxonomy":"product_tag","embeddable":true,"href":"https:\/\/numizmatika.beila.hu\/index.php?rest_route=%2Fwp%2Fv2%2Fproduct_tag&post=4515"}],"curies":[{"name":"wp","href":"https:\/\/api.w.org\/{rel}","templated":true}]}}