{"id":5492,"date":"2022-04-17T13:33:13","date_gmt":"2022-04-17T13:33:13","guid":{"rendered":"https:\/\/numizmatika.beila.hu\/?post_type=product&#038;p=5492"},"modified":"2023-04-18T18:52:22","modified_gmt":"2023-04-18T18:52:22","slug":"1888-magyarorszagi-jo-sziv-egyesulet-sorsjegykolcson-2-forintrol-szarazpecsettel","status":"publish","type":"product","link":"https:\/\/numizmatika.beila.hu\/?product=1888-magyarorszagi-jo-sziv-egyesulet-sorsjegykolcson-2-forintrol-szarazpecsettel","title":{"rendered":"1888. Magyarorsz\u00e1gi J\u00f3-sz\u00edv Egyes\u00fclet sorsjegyk\u00f6lcs\u00f6n 2 forintr\u00f3l sz\u00e1razpecs\u00e9ttel"},"content":{"rendered":"<p>J\u00f3 \u00e1llapotban l\u00e9v\u0151 magyar pap\u00edrr\u00e9gis\u00e9g.<\/p>\n<p>L\u00e1sd a k\u00e9peket.<\/p>\n","protected":false},"excerpt":{"rendered":"<p>J\u00f3 \u00e1llapotban l\u00e9v\u0151 magyar pap\u00edrr\u00e9gis\u00e9g. L\u00e1sd a k\u00e9peket.<\/p>\n","protected":false},"featured_media":5493,"comment_status":"open","ping_status":"closed","template":"","meta":[],"product_cat":[101,79],"product_tag":[],"_links":{"self":[{"href":"https:\/\/numizmatika.beila.hu\/index.php?rest_route=\/wp\/v2\/product\/5492"}],"collection":[{"href":"https:\/\/numizmatika.beila.hu\/index.php?rest_route=\/wp\/v2\/product"}],"about":[{"href":"https:\/\/numizmatika.beila.hu\/index.php?rest_route=\/wp\/v2\/types\/product"}],"replies":[{"embeddable":true,"href":"https:\/\/numizmatika.beila.hu\/index.php?rest_route=%2Fwp%2Fv2%2Fcomments&post=5492"}],"wp:featuredmedia":[{"embeddable":true,"href":"https:\/\/numizmatika.beila.hu\/index.php?rest_route=\/wp\/v2\/media\/5493"}],"wp:attachment":[{"href":"https:\/\/numizmatika.beila.hu\/index.php?rest_route=%2Fwp%2Fv2%2Fmedia&parent=5492"}],"wp:term":[{"taxonomy":"product_cat","embeddable":true,"href":"https:\/\/numizmatika.beila.hu\/index.php?rest_route=%2Fwp%2Fv2%2Fproduct_cat&post=5492"},{"taxonomy":"product_tag","embeddable":true,"href":"https:\/\/numizmatika.beila.hu\/index.php?rest_route=%2Fwp%2Fv2%2Fproduct_tag&post=5492"}],"curies":[{"name":"wp","href":"https:\/\/api.w.org\/{rel}","templated":true}]}}