{"id":575,"date":"2017-12-31T16:46:25","date_gmt":"2017-12-31T16:46:25","guid":{"rendered":"https:\/\/numizmatika.beila.hu\/?post_type=product&#038;p=575"},"modified":"2024-10-08T13:42:19","modified_gmt":"2024-10-08T13:42:19","slug":"grande-gyurus-album","status":"publish","type":"product","link":"https:\/\/numizmatika.beila.hu\/?product=grande-gyurus-album","title":{"rendered":"Grande gy\u0171r\u0171s album"},"content":{"rendered":"<p>Exkluz\u00edv gy\u0171r\u0171s fed\u00e9l \u00e9s v\u00e9d\u0151tok<\/p>\n<p>K\u00f6nyvk\u00f6t\u00e9szetileg kialak\u00edtott m\u0171b\u0151rk\u00f6t\u00e9s, 4 D-gy\u0171r\u0171s mechanika.<br \/>\nBefogad\u00f3k\u00e9pess\u00e9g: 60 tasak, a belehelyezett gy\u0171jtem\u00e9ny m\u00e9ret\u00e9t\u0151l f\u00fcgg\u0151en.<br \/>\nBankjegytart\u00f3 lapot nem tartalmaz!<\/p>\n<p>Bord\u00f3, z\u00f6ld, k\u00e9k vagy fekete sz\u00ednben.<\/p>\n<p>K\u00fcls\u0151 m\u00e9ret: 295 x 335 x 70 mm.<\/p>\n<p>P\u00e9nzgy\u0171jt\u0151knek nagyon aj\u00e1nlom!<\/p>\n<p>Az \u00e1r 1 db-ra vonatkozik!<\/p>\n","protected":false},"excerpt":{"rendered":"<p>Grande lapokkal b\u0151v\u00edthet\u0151 bankjegyalbum.<\/p>\n","protected":false},"featured_media":576,"comment_status":"open","ping_status":"closed","template":"","meta":[],"product_cat":[55],"product_tag":[],"_links":{"self":[{"href":"https:\/\/numizmatika.beila.hu\/index.php?rest_route=\/wp\/v2\/product\/575"}],"collection":[{"href":"https:\/\/numizmatika.beila.hu\/index.php?rest_route=\/wp\/v2\/product"}],"about":[{"href":"https:\/\/numizmatika.beila.hu\/index.php?rest_route=\/wp\/v2\/types\/product"}],"replies":[{"embeddable":true,"href":"https:\/\/numizmatika.beila.hu\/index.php?rest_route=%2Fwp%2Fv2%2Fcomments&post=575"}],"wp:featuredmedia":[{"embeddable":true,"href":"https:\/\/numizmatika.beila.hu\/index.php?rest_route=\/wp\/v2\/media\/576"}],"wp:attachment":[{"href":"https:\/\/numizmatika.beila.hu\/index.php?rest_route=%2Fwp%2Fv2%2Fmedia&parent=575"}],"wp:term":[{"taxonomy":"product_cat","embeddable":true,"href":"https:\/\/numizmatika.beila.hu\/index.php?rest_route=%2Fwp%2Fv2%2Fproduct_cat&post=575"},{"taxonomy":"product_tag","embeddable":true,"href":"https:\/\/numizmatika.beila.hu\/index.php?rest_route=%2Fwp%2Fv2%2Fproduct_tag&post=575"}],"curies":[{"name":"wp","href":"https:\/\/api.w.org\/{rel}","templated":true}]}}