{"id":5757,"date":"2023-01-27T18:48:04","date_gmt":"2023-01-27T18:48:04","guid":{"rendered":"https:\/\/numizmatika.beila.hu\/?post_type=product&#038;p=5757"},"modified":"2023-10-12T11:23:45","modified_gmt":"2023-10-12T11:23:45","slug":"ontapados-ermetarto-keret-100-db","status":"publish","type":"product","link":"https:\/\/numizmatika.beila.hu\/?product=ontapados-ermetarto-keret-100-db","title":{"rendered":"\u00d6ntapad\u00f3s \u00e9rmetart\u00f3 keret (100 db)"},"content":{"rendered":"<p>Optim\u00e1lis v\u00e9delem a k\u00f6rnyezeti behat\u00e1sokt\u00f3l l\u00e1gy\u00edt\u00f3szer-mentes f\u00f3li\u00e1j\u00e1nak k\u00f6sz\u00f6nhet\u0151en.<br \/>\n\u00dagy kezelheti \u00e9rm\u00e9it, hogy nem \u00e9rinti meg a fel\u00fclet\u00fcket.<br \/>\nA keretek feliratoz\u00e1s\u00e1val m\u00e9g nagyobb lehet a rend.<br \/>\nAz \u00f6ntapad\u00f3s keretek l\u00e9gmentesen lez\u00e1rhat\u00f3ak.<br \/>\nA keretek sokf\u00e9lek\u00e9ppen t\u00e1rolhat\u00f3ak a zsebalbumt\u00f3l kezdve az \u00e9rm\u00e9s dobozig.<\/p>\n<p>K\u00fcls\u0151 m\u00e9ret: 50&#215;50 mm<\/p>\n","protected":false},"excerpt":{"rendered":"<p>50&#215;50 mm k\u00fcls\u0151 \u00e1tm\u00e9r\u0151<\/p>\n","protected":false},"featured_media":811,"comment_status":"open","ping_status":"closed","template":"","meta":[],"product_cat":[43],"product_tag":[],"_links":{"self":[{"href":"https:\/\/numizmatika.beila.hu\/index.php?rest_route=\/wp\/v2\/product\/5757"}],"collection":[{"href":"https:\/\/numizmatika.beila.hu\/index.php?rest_route=\/wp\/v2\/product"}],"about":[{"href":"https:\/\/numizmatika.beila.hu\/index.php?rest_route=\/wp\/v2\/types\/product"}],"replies":[{"embeddable":true,"href":"https:\/\/numizmatika.beila.hu\/index.php?rest_route=%2Fwp%2Fv2%2Fcomments&post=5757"}],"wp:featuredmedia":[{"embeddable":true,"href":"https:\/\/numizmatika.beila.hu\/index.php?rest_route=\/wp\/v2\/media\/811"}],"wp:attachment":[{"href":"https:\/\/numizmatika.beila.hu\/index.php?rest_route=%2Fwp%2Fv2%2Fmedia&parent=5757"}],"wp:term":[{"taxonomy":"product_cat","embeddable":true,"href":"https:\/\/numizmatika.beila.hu\/index.php?rest_route=%2Fwp%2Fv2%2Fproduct_cat&post=5757"},{"taxonomy":"product_tag","embeddable":true,"href":"https:\/\/numizmatika.beila.hu\/index.php?rest_route=%2Fwp%2Fv2%2Fproduct_tag&post=5757"}],"curies":[{"name":"wp","href":"https:\/\/api.w.org\/{rel}","templated":true}]}}