{"id":589,"date":"2018-01-01T11:57:05","date_gmt":"2018-01-01T11:57:05","guid":{"rendered":"https:\/\/numizmatika.beila.hu\/?post_type=product&#038;p=589"},"modified":"2023-10-12T11:29:55","modified_gmt":"2023-10-12T11:29:55","slug":"optima-classic-ermealbum","status":"publish","type":"product","link":"https:\/\/numizmatika.beila.hu\/?product=optima-classic-ermealbum","title":{"rendered":"Optima Classic \u00e9rmealbum"},"content":{"rendered":"<p>K\u00f6nyvk\u00f6t\u00e9szeti kivitel, m\u0171b\u0151r k\u00f6t\u00e9s.<br \/>\nEr\u0151s, 4-gy\u0171r\u0171s mechanika.<br \/>\nT\u00e1rol\u00f3kapacit\u00e1s: 15 db Optima \u00e9rmetart\u00f3 lap.<br \/>\nSz\u00ednek: kir\u00e1lyk\u00e9k, feny\u0151 z\u00f6ld, bord\u00f3i v\u00f6r\u00f6s, fekete.<br \/>\nK\u00fcls\u0151 m\u00e9ret: 245x270x55 mm.<br \/>\nV\u00e9d\u0151kazett\u00e1val egy\u00fctt.<br \/>\nOptima lapokat <em>nem<\/em> tartalmaz, a k\u00e9p csak illusztr\u00e1ci\u00f3!<\/p>\n","protected":false},"excerpt":{"rendered":"<p>Optima lapokkal b\u0151v\u00edthet\u0151 \u00e9rmealbum.<\/p>\n","protected":false},"featured_media":590,"comment_status":"open","ping_status":"closed","template":"","meta":[],"product_cat":[44],"product_tag":[],"_links":{"self":[{"href":"https:\/\/numizmatika.beila.hu\/index.php?rest_route=\/wp\/v2\/product\/589"}],"collection":[{"href":"https:\/\/numizmatika.beila.hu\/index.php?rest_route=\/wp\/v2\/product"}],"about":[{"href":"https:\/\/numizmatika.beila.hu\/index.php?rest_route=\/wp\/v2\/types\/product"}],"replies":[{"embeddable":true,"href":"https:\/\/numizmatika.beila.hu\/index.php?rest_route=%2Fwp%2Fv2%2Fcomments&post=589"}],"wp:featuredmedia":[{"embeddable":true,"href":"https:\/\/numizmatika.beila.hu\/index.php?rest_route=\/wp\/v2\/media\/590"}],"wp:attachment":[{"href":"https:\/\/numizmatika.beila.hu\/index.php?rest_route=%2Fwp%2Fv2%2Fmedia&parent=589"}],"wp:term":[{"taxonomy":"product_cat","embeddable":true,"href":"https:\/\/numizmatika.beila.hu\/index.php?rest_route=%2Fwp%2Fv2%2Fproduct_cat&post=589"},{"taxonomy":"product_tag","embeddable":true,"href":"https:\/\/numizmatika.beila.hu\/index.php?rest_route=%2Fwp%2Fv2%2Fproduct_tag&post=589"}],"curies":[{"name":"wp","href":"https:\/\/api.w.org\/{rel}","templated":true}]}}