{"id":595,"date":"2018-01-01T12:07:19","date_gmt":"2018-01-01T12:07:19","guid":{"rendered":"https:\/\/numizmatika.beila.hu\/?post_type=product&#038;p=595"},"modified":"2024-10-08T13:35:38","modified_gmt":"2024-10-08T13:35:38","slug":"optima-classic-signum-album","status":"publish","type":"product","link":"https:\/\/numizmatika.beila.hu\/?product=optima-classic-signum-album","title":{"rendered":"Optima Classic Signum album"},"content":{"rendered":"<p>OPTIMA album feliratozhat\u00f3 ablakkal. Egy\u00e9ni felirataival gy\u0171jtem\u00e9nye rendezett \u00e9s \u00e1ttekinthet\u0151 lesz. A felirat ut\u00f3lag a pap\u00edrbet\u00e9t cser\u00e9j\u00e9vel egyszer\u0171en megv\u00e1ltoztathat\u00f3. A pap\u00edrbet\u00e9t v\u00e9delm\u00e9t egy \u00e1tl\u00e1tsz\u00f3 m\u0171anyag bet\u00e9t biztos\u00edtja.<br \/>\n15 db Optima \u00e9rmetart\u00f3 lappal b\u0151v\u00edthet\u0151 (nem tartalmazza az \u00e1r).<br \/>\nAz album k\u00f6nyvk\u00f6t\u00e9szeti kidolgozotts\u00e1g\u00fa. Er\u0151s 4-D-gy\u0171r\u0171s mechanika.<br \/>\nSz\u00edn: kir\u00e1lyk\u00e9k.<br \/>\nK\u00fcls\u0151 m\u00e9ret: 250 x 280 x 65 mm.<\/p>\n","protected":false},"excerpt":{"rendered":"<p>Optima lapokkal b\u0151v\u00edthet\u0151 \u00e9rmealbum.<\/p>\n","protected":false},"featured_media":596,"comment_status":"open","ping_status":"closed","template":"","meta":[],"product_cat":[44],"product_tag":[],"_links":{"self":[{"href":"https:\/\/numizmatika.beila.hu\/index.php?rest_route=\/wp\/v2\/product\/595"}],"collection":[{"href":"https:\/\/numizmatika.beila.hu\/index.php?rest_route=\/wp\/v2\/product"}],"about":[{"href":"https:\/\/numizmatika.beila.hu\/index.php?rest_route=\/wp\/v2\/types\/product"}],"replies":[{"embeddable":true,"href":"https:\/\/numizmatika.beila.hu\/index.php?rest_route=%2Fwp%2Fv2%2Fcomments&post=595"}],"wp:featuredmedia":[{"embeddable":true,"href":"https:\/\/numizmatika.beila.hu\/index.php?rest_route=\/wp\/v2\/media\/596"}],"wp:attachment":[{"href":"https:\/\/numizmatika.beila.hu\/index.php?rest_route=%2Fwp%2Fv2%2Fmedia&parent=595"}],"wp:term":[{"taxonomy":"product_cat","embeddable":true,"href":"https:\/\/numizmatika.beila.hu\/index.php?rest_route=%2Fwp%2Fv2%2Fproduct_cat&post=595"},{"taxonomy":"product_tag","embeddable":true,"href":"https:\/\/numizmatika.beila.hu\/index.php?rest_route=%2Fwp%2Fv2%2Fproduct_tag&post=595"}],"curies":[{"name":"wp","href":"https:\/\/api.w.org\/{rel}","templated":true}]}}