{"id":633,"date":"2018-01-01T13:31:29","date_gmt":"2018-01-01T13:31:29","guid":{"rendered":"https:\/\/numizmatika.beila.hu\/?post_type=product&#038;p=633"},"modified":"2023-10-12T11:44:46","modified_gmt":"2023-10-12T11:44:46","slug":"encap-tok","status":"publish","type":"product","link":"https:\/\/numizmatika.beila.hu\/?product=encap-tok","title":{"rendered":"ENCAP tok"},"content":{"rendered":"<p>Az ENCAP-v\u00e9d\u0151tokok a vil\u00e1g legels\u0151 olyan albumrendszer\u00e9nek elemei, mely kapszul\u00e1kban l\u00e9v\u0151 \u00e9rm\u00e9k t\u00e1rol\u00e1s\u00e1ra alkalmas.<br \/>\nKiv\u00e1l\u00f3 min\u0151s\u00e9g\u0171, nagyon stabil, v\u00edztiszta m\u0171anyagb\u00f3l k\u00e9sz\u00fclt.<br \/>\nA tokok minden GRANDE Classic fed\u00e9lben t\u00e1rolhat\u00f3k.<br \/>\n2 db\/csomag.<br \/>\nK\u00fcls\u0151 m\u00e9ret: 240 x 282 mm.<\/p>\n<p>Csak rendel\u00e9sre!<\/p>\n<p>T\u00edpusok:<br \/>\n1. 22\/23 mm bels\u0151 \u00e1tm\u00e9r\u0151j\u0171 \u00e9rm\u00e9hez, kapszul\u00e1ba helyezve<br \/>\n2. 24\/25 mm bels\u0151 \u00e1tm\u00e9r\u0151j\u0171 \u00e9rm\u00e9hez, kapszul\u00e1ba helyezve<br \/>\n3. 26\/27 mm bels\u0151 \u00e1tm\u00e9r\u0151j\u0171 \u00e9rm\u00e9hez, kapszul\u00e1ba helyezve<br \/>\n4. 28\/29 mm bels\u0151 \u00e1tm\u00e9r\u0151j\u0171 \u00e9rm\u00e9hez, kapszul\u00e1ba helyezve<br \/>\n5. 30\/31 mm bels\u0151 \u00e1tm\u00e9r\u0151j\u0171 \u00e9rm\u00e9hez, kapszul\u00e1ba helyezve<br \/>\n6. 32\/33 mm bels\u0151 \u00e1tm\u00e9r\u0151j\u0171 \u00e9rm\u00e9hez, kapszul\u00e1ba helyezve<br \/>\n7. 34\/35 mm bels\u0151 \u00e1tm\u00e9r\u0151j\u0171 \u00e9rm\u00e9hez, kapszul\u00e1ba helyezve<br \/>\n8. 36\/37 mm bels\u0151 \u00e1tm\u00e9r\u0151j\u0171 \u00e9rm\u00e9hez, kapszul\u00e1ba helyezve<br \/>\n9. 38\/39 mm bels\u0151 \u00e1tm\u00e9r\u0151j\u0171 \u00e9rm\u00e9hez, kapszul\u00e1ba helyezve<br \/>\n10. 40\/41 mm bels\u0151 \u00e1tm\u00e9r\u0151j\u0171 \u00e9rm\u00e9hez, kapszul\u00e1ba helyezve<br \/>\n11. 44\/45 mm bels\u0151 \u00e1tm\u00e9r\u0151j\u0171 \u00e9rm\u00e9hez, kapszul\u00e1ba helyezve<br \/>\n12. 46\/47 mm bels\u0151 \u00e1tm\u00e9r\u0151j\u0171 \u00e9rm\u00e9hez, kapszul\u00e1ba helyezve<br \/>\n13. EURO sorokhoz, kapszul\u00e1ba helyezve<br \/>\n14. QUADRUM-hoz, kapszul\u00e1ba helyezve<br \/>\n15. SLAB \u00e9s EVERSLAB-hoz, kapszul\u00e1ba helyezve.<\/p>\n","protected":false},"excerpt":{"rendered":"<p>GRANDE albumba helyezhet\u0151 ENCAP v\u00e9d\u0151tokok.<\/p>\n","protected":false},"featured_media":634,"comment_status":"open","ping_status":"closed","template":"","meta":[],"product_cat":[52],"product_tag":[],"_links":{"self":[{"href":"https:\/\/numizmatika.beila.hu\/index.php?rest_route=\/wp\/v2\/product\/633"}],"collection":[{"href":"https:\/\/numizmatika.beila.hu\/index.php?rest_route=\/wp\/v2\/product"}],"about":[{"href":"https:\/\/numizmatika.beila.hu\/index.php?rest_route=\/wp\/v2\/types\/product"}],"replies":[{"embeddable":true,"href":"https:\/\/numizmatika.beila.hu\/index.php?rest_route=%2Fwp%2Fv2%2Fcomments&post=633"}],"wp:featuredmedia":[{"embeddable":true,"href":"https:\/\/numizmatika.beila.hu\/index.php?rest_route=\/wp\/v2\/media\/634"}],"wp:attachment":[{"href":"https:\/\/numizmatika.beila.hu\/index.php?rest_route=%2Fwp%2Fv2%2Fmedia&parent=633"}],"wp:term":[{"taxonomy":"product_cat","embeddable":true,"href":"https:\/\/numizmatika.beila.hu\/index.php?rest_route=%2Fwp%2Fv2%2Fproduct_cat&post=633"},{"taxonomy":"product_tag","embeddable":true,"href":"https:\/\/numizmatika.beila.hu\/index.php?rest_route=%2Fwp%2Fv2%2Fproduct_tag&post=633"}],"curies":[{"name":"wp","href":"https:\/\/api.w.org\/{rel}","templated":true}]}}