{"id":642,"date":"2018-01-01T13:45:39","date_gmt":"2018-01-01T13:45:39","guid":{"rendered":"https:\/\/numizmatika.beila.hu\/?post_type=product&#038;p=642"},"modified":"2023-10-12T11:53:44","modified_gmt":"2023-10-12T11:53:44","slug":"vario-bankjegylap","status":"publish","type":"product","link":"https:\/\/numizmatika.beila.hu\/?product=vario-bankjegylap","title":{"rendered":"VARIO bankjegylap"},"content":{"rendered":"<p>VARIO v\u00edztiszta lapok.<\/p>\n<p>T\u00edpusok:<br \/>\n1. 1-es oszt\u00e1ssal (195 mm x 263 mm bels\u0151 hely),<br \/>\n2. 2-es oszt\u00e1ssal (195 mm x 128 mm 2x hely),<br \/>\n3. 3-as oszt\u00e1ssal (195 mm x 85 mm 3x hely).<br \/>\n4. ZWL fekete elv\u00e1laszt\u00f3lap.<\/p>\n<p>K\u00fcls\u0151 m\u00e9ret: 216 x 280 mm.<\/p>\n<p>1 csomagban 5 db azonos oszt\u00e1s\u00fa lap van.<\/p>\n","protected":false},"excerpt":{"rendered":"<p>VARIO albumba val\u00f3 bankjegylap.<\/p>\n","protected":false},"featured_media":643,"comment_status":"open","ping_status":"closed","template":"","meta":[],"product_cat":[56],"product_tag":[],"_links":{"self":[{"href":"https:\/\/numizmatika.beila.hu\/index.php?rest_route=\/wp\/v2\/product\/642"}],"collection":[{"href":"https:\/\/numizmatika.beila.hu\/index.php?rest_route=\/wp\/v2\/product"}],"about":[{"href":"https:\/\/numizmatika.beila.hu\/index.php?rest_route=\/wp\/v2\/types\/product"}],"replies":[{"embeddable":true,"href":"https:\/\/numizmatika.beila.hu\/index.php?rest_route=%2Fwp%2Fv2%2Fcomments&post=642"}],"wp:featuredmedia":[{"embeddable":true,"href":"https:\/\/numizmatika.beila.hu\/index.php?rest_route=\/wp\/v2\/media\/643"}],"wp:attachment":[{"href":"https:\/\/numizmatika.beila.hu\/index.php?rest_route=%2Fwp%2Fv2%2Fmedia&parent=642"}],"wp:term":[{"taxonomy":"product_cat","embeddable":true,"href":"https:\/\/numizmatika.beila.hu\/index.php?rest_route=%2Fwp%2Fv2%2Fproduct_cat&post=642"},{"taxonomy":"product_tag","embeddable":true,"href":"https:\/\/numizmatika.beila.hu\/index.php?rest_route=%2Fwp%2Fv2%2Fproduct_tag&post=642"}],"curies":[{"name":"wp","href":"https:\/\/api.w.org\/{rel}","templated":true}]}}