{"id":650,"date":"2018-01-01T13:58:19","date_gmt":"2018-01-01T13:58:19","guid":{"rendered":"https:\/\/numizmatika.beila.hu\/?post_type=product&#038;p=650"},"modified":"2023-10-12T11:48:32","modified_gmt":"2023-10-12T11:48:32","slug":"vario-classic-bankjegyalbum","status":"publish","type":"product","link":"https:\/\/numizmatika.beila.hu\/?product=vario-classic-bankjegyalbum","title":{"rendered":"VARIO Classic bankjegyalbum"},"content":{"rendered":"<p>VARIO album stabil 4-gy\u0171r\u0171s mechanik\u00e1val.<br \/>\nKapacit\u00e1s: 60 db VARIO bankjegytok sz\u00e1m\u00e1ra.<br \/>\nSz\u00ednek: z\u00f6ld, bord\u00f3, k\u00e9k.<br \/>\nK\u00fcls\u0151 m\u00e9ret: 257 x 316 x 63 mm.<br \/>\nV\u00e9d\u0151kazett\u00e1val egy\u00fctt.<br \/>\nA k\u00e9p csak illusztr\u00e1ci\u00f3!<br \/>\nAz album nem tartalmaz VARIO bankjegylapokat.<\/p>\n","protected":false},"excerpt":{"rendered":"<p>Vario bankjegylapokkal b\u0151v\u00edthet\u0151 album.<\/p>\n","protected":false},"featured_media":651,"comment_status":"open","ping_status":"closed","template":"","meta":[],"product_cat":[55],"product_tag":[],"_links":{"self":[{"href":"https:\/\/numizmatika.beila.hu\/index.php?rest_route=\/wp\/v2\/product\/650"}],"collection":[{"href":"https:\/\/numizmatika.beila.hu\/index.php?rest_route=\/wp\/v2\/product"}],"about":[{"href":"https:\/\/numizmatika.beila.hu\/index.php?rest_route=\/wp\/v2\/types\/product"}],"replies":[{"embeddable":true,"href":"https:\/\/numizmatika.beila.hu\/index.php?rest_route=%2Fwp%2Fv2%2Fcomments&post=650"}],"wp:featuredmedia":[{"embeddable":true,"href":"https:\/\/numizmatika.beila.hu\/index.php?rest_route=\/wp\/v2\/media\/651"}],"wp:attachment":[{"href":"https:\/\/numizmatika.beila.hu\/index.php?rest_route=%2Fwp%2Fv2%2Fmedia&parent=650"}],"wp:term":[{"taxonomy":"product_cat","embeddable":true,"href":"https:\/\/numizmatika.beila.hu\/index.php?rest_route=%2Fwp%2Fv2%2Fproduct_cat&post=650"},{"taxonomy":"product_tag","embeddable":true,"href":"https:\/\/numizmatika.beila.hu\/index.php?rest_route=%2Fwp%2Fv2%2Fproduct_tag&post=650"}],"curies":[{"name":"wp","href":"https:\/\/api.w.org\/{rel}","templated":true}]}}