{"id":732,"date":"2018-01-01T19:50:57","date_gmt":"2018-01-01T19:50:57","guid":{"rendered":"https:\/\/numizmatika.beila.hu\/?post_type=product&#038;p=732"},"modified":"2024-11-11T16:10:55","modified_gmt":"2024-11-11T16:10:55","slug":"xl-ermetarto-doboz","status":"publish","type":"product","link":"https:\/\/numizmatika.beila.hu\/?product=xl-ermetarto-doboz","title":{"rendered":"XL \u00e9rmetart\u00f3 doboz"},"content":{"rendered":"<p>Exkluz\u00edv doboz, v\u00e9d\u0151tet\u0151vel! Kiv\u00e1l\u00f3 zseb\u00f3r\u00e1knak, \u00e9kszereknek, \u00e9rm\u00e9knek!<br \/>\n22 mm bels\u0151 magass\u00e1g.<br \/>\nA k\u00e9p illusztr\u00e1ci\u00f3, az \u00e1r 1 db dobozra vonatkozik!<br \/>\nK\u00fcls\u0151 m\u00e9ret: 236 x 33 x 303 mm.<\/p>\n<p>T\u00edpusok:<br \/>\n1. Oszt\u00e1s n\u00e9lk\u00fcli, 210 x 270 mm bels\u0151 ter\u00fclet<br \/>\n2. 2 x 3-as oszt\u00e1s\u00fa, 86 x 86 mm<br \/>\n3. 3 x 3-as oszt\u00e1s\u00fa, 63 x 85 mm<br \/>\n4. hossz\u00e1ban k\u00f6z\u00e9pen elv\u00e1laszt\u00f3 bet\u00e9ttel felszerelt, 6 db szabadon elhelyezhet\u0151 bet\u00e9t.<\/p>\n","protected":false},"excerpt":{"rendered":"<p>CARGO b\u0151r\u00f6ndbe val\u00f3 \u00e9rmedoboz.<\/p>\n","protected":false},"featured_media":733,"comment_status":"open","ping_status":"closed","template":"","meta":[],"product_cat":[48],"product_tag":[],"_links":{"self":[{"href":"https:\/\/numizmatika.beila.hu\/index.php?rest_route=\/wp\/v2\/product\/732"}],"collection":[{"href":"https:\/\/numizmatika.beila.hu\/index.php?rest_route=\/wp\/v2\/product"}],"about":[{"href":"https:\/\/numizmatika.beila.hu\/index.php?rest_route=\/wp\/v2\/types\/product"}],"replies":[{"embeddable":true,"href":"https:\/\/numizmatika.beila.hu\/index.php?rest_route=%2Fwp%2Fv2%2Fcomments&post=732"}],"wp:featuredmedia":[{"embeddable":true,"href":"https:\/\/numizmatika.beila.hu\/index.php?rest_route=\/wp\/v2\/media\/733"}],"wp:attachment":[{"href":"https:\/\/numizmatika.beila.hu\/index.php?rest_route=%2Fwp%2Fv2%2Fmedia&parent=732"}],"wp:term":[{"taxonomy":"product_cat","embeddable":true,"href":"https:\/\/numizmatika.beila.hu\/index.php?rest_route=%2Fwp%2Fv2%2Fproduct_cat&post=732"},{"taxonomy":"product_tag","embeddable":true,"href":"https:\/\/numizmatika.beila.hu\/index.php?rest_route=%2Fwp%2Fv2%2Fproduct_tag&post=732"}],"curies":[{"name":"wp","href":"https:\/\/api.w.org\/{rel}","templated":true}]}}