{"id":750,"date":"2018-01-01T20:38:14","date_gmt":"2018-01-01T20:38:14","guid":{"rendered":"https:\/\/numizmatika.beila.hu\/?post_type=product&#038;p=750"},"modified":"2024-10-08T13:28:09","modified_gmt":"2024-10-08T13:28:09","slug":"cargo-l6-nagy-ermeborond","status":"publish","type":"product","link":"https:\/\/numizmatika.beila.hu\/?product=cargo-l6-nagy-ermeborond","title":{"rendered":"CARGO nagy \u00e9rmeb\u0151r\u00f6nd (KO3)"},"content":{"rendered":"<p>K\u00e1rpitozott b\u0151r\u00f6ndfed\u00e9l, s\u00f6t\u00e9tk\u00e9k vel\u00farb\u00e9l\u00e9s. Z\u00e1rhat\u00f3 (2 kulccsal), f\u00e9m sarkok, gumi l\u00e1bak.<br \/>\nK\u00fcls\u0151 m\u00e9ret: 407 x 245 x 95 mm.<br \/>\n6 db \u00e9rmetart\u00f3 t\u00e1lc\u00e1val egy\u00fctt.<\/p>\n<p>T\u00edpusok:<br \/>\n1. 2 db t\u00e1lca egyenk\u00e9nt 24 db 47 mm \u00e1tm\u00e9r\u0151j\u0171 \u00e9rme, 2 db t\u00e1bla egyenk\u00e9nt 35 db 39 mm \u00e1tm\u00e9r\u0151j\u0171 \u00e9rme, 2 db t\u00e1bla egyenk\u00e9nt 40 db 33 mm \u00e1tm\u00e9r\u0151j\u0171 \u00e9rme t\u00e1rol\u00e1s\u00e1hoz.<br \/>\n2. 6 db t\u00e1lca egyenk\u00e9nt 40 db 33 mm-es \u00e9rme elhelyez\u00e9s\u00e9hez megfelel\u0151.<br \/>\n3. 6 db t\u00e1lca egyenk\u00e9nt 15 db 50 x 50 mm-es \u00e9rme(keret) elhelyez\u00e9s\u00e9hez megfelel\u0151.<\/p>\n","protected":false},"excerpt":{"rendered":"<p>6 db &#8220;L&#8221; m\u00e9ret\u0171 t\u00e1lca t\u00e1rol\u00e1s\u00e1ra alkalmas \u00e9rmeb\u0151r\u00f6nd.<\/p>\n","protected":false},"featured_media":751,"comment_status":"open","ping_status":"closed","template":"","meta":[],"product_cat":[91,47],"product_tag":[],"_links":{"self":[{"href":"https:\/\/numizmatika.beila.hu\/index.php?rest_route=\/wp\/v2\/product\/750"}],"collection":[{"href":"https:\/\/numizmatika.beila.hu\/index.php?rest_route=\/wp\/v2\/product"}],"about":[{"href":"https:\/\/numizmatika.beila.hu\/index.php?rest_route=\/wp\/v2\/types\/product"}],"replies":[{"embeddable":true,"href":"https:\/\/numizmatika.beila.hu\/index.php?rest_route=%2Fwp%2Fv2%2Fcomments&post=750"}],"wp:featuredmedia":[{"embeddable":true,"href":"https:\/\/numizmatika.beila.hu\/index.php?rest_route=\/wp\/v2\/media\/751"}],"wp:attachment":[{"href":"https:\/\/numizmatika.beila.hu\/index.php?rest_route=%2Fwp%2Fv2%2Fmedia&parent=750"}],"wp:term":[{"taxonomy":"product_cat","embeddable":true,"href":"https:\/\/numizmatika.beila.hu\/index.php?rest_route=%2Fwp%2Fv2%2Fproduct_cat&post=750"},{"taxonomy":"product_tag","embeddable":true,"href":"https:\/\/numizmatika.beila.hu\/index.php?rest_route=%2Fwp%2Fv2%2Fproduct_tag&post=750"}],"curies":[{"name":"wp","href":"https:\/\/api.w.org\/{rel}","templated":true}]}}