{"id":831,"date":"2018-01-02T20:49:25","date_gmt":"2018-01-02T20:49:25","guid":{"rendered":"https:\/\/numizmatika.beila.hu\/?post_type=product&#038;p=831"},"modified":"2023-10-12T11:54:43","modified_gmt":"2023-10-12T11:54:43","slug":"pamutkesztyu-ermekhez","status":"publish","type":"product","link":"https:\/\/numizmatika.beila.hu\/?product=pamutkesztyu-ermekhez","title":{"rendered":"Pamutkeszty\u0171 \u00e9rm\u00e9khez"},"content":{"rendered":"<p>\u00c9rm\u00e9i meg\u00e9rdemlik, hogy gondosan b\u00e1njon vel\u00fck!<br \/>\nUniverz\u00e1lis m\u00e9ret a legjobb min\u0151s\u00e9gben, term\u00e9szetes sz\u00edn\u0171, nem feh\u00e9r\u00edtett anyagb\u00f3l, CE-szabv\u00e1ny szerint.<br \/>\n100% pamut. A k\u00e9p csak illusztr\u00e1ci\u00f3!<\/p>\n","protected":false},"excerpt":{"rendered":"<p>\u00e9rm\u00e9i v\u00e9delm\u00e9hez<\/p>\n","protected":false},"featured_media":832,"comment_status":"open","ping_status":"closed","template":"","meta":[],"product_cat":[58],"product_tag":[],"_links":{"self":[{"href":"https:\/\/numizmatika.beila.hu\/index.php?rest_route=\/wp\/v2\/product\/831"}],"collection":[{"href":"https:\/\/numizmatika.beila.hu\/index.php?rest_route=\/wp\/v2\/product"}],"about":[{"href":"https:\/\/numizmatika.beila.hu\/index.php?rest_route=\/wp\/v2\/types\/product"}],"replies":[{"embeddable":true,"href":"https:\/\/numizmatika.beila.hu\/index.php?rest_route=%2Fwp%2Fv2%2Fcomments&post=831"}],"wp:featuredmedia":[{"embeddable":true,"href":"https:\/\/numizmatika.beila.hu\/index.php?rest_route=\/wp\/v2\/media\/832"}],"wp:attachment":[{"href":"https:\/\/numizmatika.beila.hu\/index.php?rest_route=%2Fwp%2Fv2%2Fmedia&parent=831"}],"wp:term":[{"taxonomy":"product_cat","embeddable":true,"href":"https:\/\/numizmatika.beila.hu\/index.php?rest_route=%2Fwp%2Fv2%2Fproduct_cat&post=831"},{"taxonomy":"product_tag","embeddable":true,"href":"https:\/\/numizmatika.beila.hu\/index.php?rest_route=%2Fwp%2Fv2%2Fproduct_tag&post=831"}],"curies":[{"name":"wp","href":"https:\/\/api.w.org\/{rel}","templated":true}]}}