{"id":834,"date":"2018-01-02T20:53:45","date_gmt":"2018-01-02T20:53:45","guid":{"rendered":"https:\/\/numizmatika.beila.hu\/?post_type=product&#038;p=834"},"modified":"2024-10-08T13:30:44","modified_gmt":"2024-10-08T13:30:44","slug":"ermecsipesz-kicsi","status":"publish","type":"product","link":"https:\/\/numizmatika.beila.hu\/?product=ermecsipesz-kicsi","title":{"rendered":"\u00c9rmecsipesz (kicsi)"},"content":{"rendered":"<p>A praktikus \u00e9rmecsipesz seg\u00edts\u00e9g\u00e9vel k\u00edm\u00e9letesen b\u00e1nhat \u00e9rm\u00e9ivel.<br \/>\nA m\u0171anyag bevonat biztos\u00edtja a stabil fog\u00e1st \u00e9s v\u00e9d a s\u00e9r\u00fcl\u00e9sekt\u0151l.<\/p>\n","protected":false},"excerpt":{"rendered":"<p>\u00e9rm\u00e9i v\u00e9delm\u00e9hez<\/p>\n","protected":false},"featured_media":835,"comment_status":"open","ping_status":"closed","template":"","meta":[],"product_cat":[59],"product_tag":[],"_links":{"self":[{"href":"https:\/\/numizmatika.beila.hu\/index.php?rest_route=\/wp\/v2\/product\/834"}],"collection":[{"href":"https:\/\/numizmatika.beila.hu\/index.php?rest_route=\/wp\/v2\/product"}],"about":[{"href":"https:\/\/numizmatika.beila.hu\/index.php?rest_route=\/wp\/v2\/types\/product"}],"replies":[{"embeddable":true,"href":"https:\/\/numizmatika.beila.hu\/index.php?rest_route=%2Fwp%2Fv2%2Fcomments&post=834"}],"wp:featuredmedia":[{"embeddable":true,"href":"https:\/\/numizmatika.beila.hu\/index.php?rest_route=\/wp\/v2\/media\/835"}],"wp:attachment":[{"href":"https:\/\/numizmatika.beila.hu\/index.php?rest_route=%2Fwp%2Fv2%2Fmedia&parent=834"}],"wp:term":[{"taxonomy":"product_cat","embeddable":true,"href":"https:\/\/numizmatika.beila.hu\/index.php?rest_route=%2Fwp%2Fv2%2Fproduct_cat&post=834"},{"taxonomy":"product_tag","embeddable":true,"href":"https:\/\/numizmatika.beila.hu\/index.php?rest_route=%2Fwp%2Fv2%2Fproduct_tag&post=834"}],"curies":[{"name":"wp","href":"https:\/\/api.w.org\/{rel}","templated":true}]}}